ided by x?
30
Let f = -2028 - 709. Let d be f/(-69) - 1/(-3). Suppose -5*c = 5, 3*a - 3*c = c + d. What is the remainder when 21 is divided by a?
9
Let o(d) = -18*d + 149. Let m be o(-23). Let r = m - 382. Calculate the remainder when r is divided by 47.
40
Let c = 7449 - 7346. What is the remainder when 519 is divided by c?
4
Suppose 0*d = 7*d - 105. Suppose 2*l - 29 = -d. Calculate the remainder when 24 is divided by 1/(l/89) - 12/(-42).
11
Calculate the remainder when 2803 is divided by -2 + (-52)/(-32) - -537*12/32.
190
Suppose -21*i + 25*i = 56. Calculate the remainder when 1350/63 - (-8)/i is divided by 6.
4
Suppose 6 - 122 = -4*s + i, -i + 94 = 3*s. Calculate the remainder when 291 is divided by s.
21
Let p = 3023 - 3011. Suppose 3*m + 0*m - 6 = 0. Calculate the remainder when p is divided by m.
0
Let w = 13 - 8. What is the remainder when ((-4270)/(-1925) + (-8)/(-44))*(2 + 8) is divided by w?
4
Suppose 3887 = 2*c - 3*j, 4*c = 5*c + j - 1956. What is the remainder when c is divided by 122?
121
Let b = -51 + 53. Let c(q) = -5*q - 14*q**b + 3*q + 2*q + 13*q - 13 - q**3. What is the remainder when 32 is divided by c(-15)?
15
Let f be -2*5/(-2) + -37. Let o be 35 - ((-3)/(-6))/(4/f). Suppose 11 = -2*n - 5*p + o, 0 = -p. Calculate the remainder when 208 is divided by n.
12
Let k = -3238 - -3257. Let a(o) = -27*o - 2. Let m be a(-4). Calculate the remainder when 1*(-3)/((-6)/m) is divided by k.
15
Calculate the remainder when (-146497)/(-382) + 1 + 5/(-2) is divided by 73.
17
Let z be (6 - 1) + 52/(-12)*-3. Let i(q) = -q**3 + 18*q**2 - 7*q + 133. What is the remainder when 18 is divided by i(z)?
4
What is the remainder when (-18)/3 + -610*(-32)/80 is divided by 28?
14
What is the remainder when 17756 is divided by (-2600)/195*(-72)/64?
11
Calculate the remainder when ((-3)/(-1) - -19)/((-12)/(-3360)*4) is divided by 44.
0
Let m be (72 + -3)*1/((-5)/(-25)). Let s = m - -130. Calculate the remainder when s is divided by 7.
6
Suppose 30*h - 1782 = -3*h. Suppose 0 = -52*k + h*k - 112. What is the remainder when k is divided by 17?
5
Let y = -76 - -88. Suppose 7*o = y + 72. Calculate the remainder when 24 is divided by o.
0
Suppose -17775 = -10*p - 55*p - 14*p. Calculate the remainder when p is divided by 10.
5
Suppose -35*x + 32*x + 4*d + 238 = 0, -4*x - 5*d = -369. What is the remainder when 10231 is divided by x?
83
Let y be 5/(-1)*-1 - (-441 + 83). Let i = y + -186. Suppose -37 = -a + 2*d, -4*a + 73 + 119 = 3*d. What is the remainder when i is divided by a?
42
Suppose -120*h = -29*h - 566657. Calculate the remainder when h is divided by 18.
17
Let p = -28 - -63. Calculate the remainder when (1 + -3)/1 + p is divided by (-3 - -2) + 0/10 + 18.
16
Let o(t) = -14*t**2 + 211*t + 13. What is the remainder when o(10) is divided by 49?
37
Suppose 168 - 105 = q + 4*k, 21 = 3*k. Calculate the remainder when 45 + (-4)/((-2)/1) is divided by q.
12
Let f(l) = -l**2 + 60*l + 1037. What is the remainder when f(-12) is divided by 25?
23
Let i = 113 + -11. Suppose 2*h = -44 + 138. Suppose f - h = -7*x + 5*x, -3*x - f = -73. What is the remainder when i is divided by x?
24
Let p be ((-130)/25)/((-26)/25 + 1). Suppose 4*s - 202 = -5*q, 2*s = -q + 4*q - p. Calculate the remainder when 289 is divided by q.
37
Suppose 2*j - 3*j - 73 = -3*c, 5*c = -4*j + 133. Let s = c - 19. What is the remainder when 62 is divided by (-608)/(-18) - 2 - s/(-27)?
30
Suppose -22 = x - 4*m, -962*m + 976*m = 2*x + 104. Let k(o) = 4*o**2 + 2*o + 3. What is the remainder when x is divided by k(-2)?
3
Let y = 59 + 2. Let r = 137 - y. Suppose r = 3*l + 4*g, 9*l - 118 = 4*l + 2*g. Calculate the remainder when l is divided by 7.
3
Let w(c) = -19*c - 795. Calculate the remainder when 279 is divided by w(-44).
33
Suppose 2*t = -4*f - 23 - 5, -2*f - 54 = 5*t. Let o(r) = -r**2 - 12*r + 18. What is the remainder when 74 is divided by o(t)?
36
Let l be 3/((-12)/(-32)) + 361. Suppose 169 - 54 = v + 5*f, -3*f = 3*v - l. What is the remainder when v is divided by 29?
9
Let a = -78 - -81. Suppose -3*d + 3*u = -2*u - 4, -2*d - a*u + 28 = 0. What is the remainder when 20 is divided by (8 - -1) + -4*4/d?
6
Suppose 2*o = -15 + 39. Let j(h) = h - 8. Let s be j(13). Suppose -s*i + o*i = 28. What is the remainder when 13 is divided by i?
1
Calculate the remainder when 509 is divided by (-46)/(-14) - 386/1351.
2
Let d = 64 - 225. Let x = -96 - d. What is the remainder when x is divided by 40?
25
Let i(z) = 19*z + 135. Let v(b) = -20*b - 135. Let m(f) = -6*i(f) - 7*v(f). Let x = 1 + 0. What is the remainder when m(-5) is divided by x?
0
Let w = 68 + -36. Suppose 0 = -8*k + 100 - 60. Suppose -2*m + h + 16 = 0, 3*m = -h - k + 24. What is the remainder when w is divided by m?
4
Let v(i) be the second derivative of -5*i**3/3 + 18*i**2 - 57*i. What is the remainder when v(-13) is divided by 17?
13
Let c(y) = 2*y**3 - y**2 + 4*y + 3. Suppose -2*l + 95 + 35 = 0. Let n be (-2)/13 + 205/l. What is the remainder when c(n) is divided by 16?
12
Let b(n) = 2*n**3 + 6*n**2 - 3*n - 2. Let m be b(-3). Suppose -35 - m = 7*a. What is the remainder when 40 is divided by 8/a - 138/(-9)?
12
Suppose 3*p + 4*n = 39, 0 = 5*p - 4*n - 30 - 3. Suppose -156*i + 233 = 2*h - 153*i, -3*h = -2*i - 304. What is the remainder when h is divided by p?
7
Let r = 618 - 608. Suppose 2*b = -0*b + 256. What is the remainder when b is divided by r?
8
Let r(f) = 2*f**2 + 8*f + 2. Let p be r(-5). Suppose p*j - 17 = 55. Calculate the remainder when 12 is divided by j.
0
Suppose -3*h = 0, 5*s + 5*h - 773 - 13217 = 0. What is the remainder when s is divided by 80?
78
Let i(s) = 88*s - 887. Calculate the remainder when 167 is divided by i(11).
5
Let m be (-4)/(-6)*15/2. Suppose 61 - 321 = -m*u. What is the remainder when 197 is divided by u?
41
Suppose 960 = 22*y - 12*y. Suppose 2*k + 5*u + 6 = y, 158 = 3*k - 4*u. Calculate the remainder when k is divided by (-1 - -3)*34/4.
16
Let u = 164 - 115. Let i = 54 - u. What is the remainder when i is divided by 4?
1
Suppose 4*m - 5*m - 3 = 0. Let t(p) = 8*p**2 - 5*p + 2. Let j be t(m). Let s = j + -66. What is the remainder when 40 is divided by s?
17
Calculate the remainder when 28 is divided by ((128/3)/(-16))/((21/18)/(-7)).
12
Suppose 6316 - 8704 = -12*m. Calculate the remainder when m is divided by (-4)/(-18) + 518/18.
25
Let n(b) = -b**3 - 6*b**2 + 24*b - 22. Let x be n(-9). Suppose -x*d = -5*v - 695, 2*d + 3*v = 218 + 55. What is the remainder when d is divided by 11?
6
Suppose 0 = -2*q + 95 - 33. Let x(o) = 15537*o**2 - 7*o - o**3 + 5*o - 4 - 15545*o**2. What is the remainder when q is divided by x(-8)?
7
Let f(u) = 4*u - 4. Suppose 0 = -0*q - 7*q. Let g be f(q). Calculate the remainder when 71 is divided by ((-19)/(-2))/(g/(-8)).
14
Suppose 46 = j + 2*y - 10, -j - 3*y + 60 = 0. Suppose -18*i - 649 + 4951 = 0. Calculate the remainder when i is divided by j.
47
Let f = -81 + 83. Suppose j = f*j - 5*v - 563, 0 = 5*j - 2*v - 2700. Suppose 76 = -11*m + j. What is the remainder when m is divided by 23?
19
Suppose 4*g - 55 = -g. Let b be 4 + -7 - (-2 + -5). Let n(c) = 12*c + 4. What is the remainder when n(b) is divided by g?
8
Suppose 31*a + 3*a - 7322 = 20*a. What is the remainder when a is divided by 10?
3
Calculate the remainder when -13 + (403 - 7) + 3 is divided by 80.
66
Suppose -2*k + 4*k = 2*x + 10, 2*x = 5*k - 16. Let o(a) = -21 + 4*a**2 + 27 - 3*a**2 + 4*a + k*a**2. What is the remainder when 59 is divided by o(-3)?
17
Let h(n) = n**3 - 2*n + 83. Let b(f) = -f**2 + 22*f + 48. Let v be b(24). What is the remainder when h(v) is divided by 31?
21
Let t be 21 - 24 - (39 - 0). What is the remainder when (t/(-63))/((-3)/(-1728)*3) is divided by 22?
18
Suppose -168 = -5*c + 92. Suppose 5*d - 2*a = -212, -3*d = -5*d - 4*a - 104. Let g = d + c. Calculate the remainder when 15 is divided by g.
7
Suppose 14*v - z = 12*v - 1, 4*z = 5*v - 5. Suppose -6*u - 130 = -4*d - 4*u, 5*d - 155 = -5*u. What is the remainder when d is divided by (133/7 - -2)*v/(-9)?
4
Suppose 0 = 3*k + 10*t - 6*t - 21, -k - t + 6 = 0. Suppose 0 = -4*z + u - 3*u + 98, 0 = -k*z + 4*u + 46. Calculate the remainder when 29 is divided by z.
7
Suppose -s = -5*g + 291, -286 = 5*g - 10*g - 4*s. What is the remainder when 8291 is divided by g?
55
